 1548*b + 651714. Calculate m(-421).
6
Let j(h) = 2*h**2 + 2781*h - 835295. Give j(254).
111
Let g(o) = 174*o + 985. Calculate g(-5).
115
Let d(w) = -476*w + 88532. Determine d(186).
-4
Let f(s) = 42004*s - 168027. Determine f(4).
-11
Let z(l) = l**2 + 249*l + 12318. Calculate z(-81).
-1290
Let v(o) = -11*o**2 - 59*o - 257. Calculate v(-4).
-197
Let w(i) = 2*i**3 - 40*i**2 + 3*i + 614. What is w(18)?
-628
Let p(i) = 161005*i - 644012. Calculate p(4).
8
Let o(b) = 19*b + 159. Give o(-2).
121
Let z(s) = s**3 + 142*s**2 - 2005*s + 1506. What is z(-155)?
-44
Let g(n) = 62*n + 9341. Give g(-157).
-393
Let j(k) = -11856*k - 1505742. Calculate j(-127).
-30
Let c(s) = -s**3 + 431*s**2 - 575*s + 62350. Determine c(430).
0
Let u(v) = -2*v**3 + 12*v**2 + 629*v - 5032. Give u(8).
-256
Let t(y) = -3*y**2 + 33*y + 1539. Determine t(28).
111
Let w(y) = -4*y**2 - 5417*y - 1579722. Determine w(-425).
3
Let s(j) = -3*j**3 - 565*j**2 - 557*j - 69173. Determine s(-188).
199
Let x(c) = 17981*c - 197794. Give x(11).
-3
Let k(w) = w**3 + 9*w**2 - 33*w + 21. What is k(-9)?
318
Let z(o) = 2*o**3 + 97*o**2 - 42*o + 34. Determine z(-49).
-309
Let r(s) = -s**3 + 9*s**2 + 1357*s - 8177. What is r(6)?
73
Let g(k) = 638*k + 12099. Give g(-19).
-23
Let b(g) = -124924*g - 10. What is b(0)?
-10
Let c(k) = -28869*k + 28870. What is c(1)?
1
Let f(w) = -3*w**3 - 518*w**2 + 1041*w - 7. Calculate f(2).
-21
Let u(q) = q**3 - 34*q**2 - 940*q + 24. Determine u(-18).
96
Let p(w) = -5*w**3 - 1319*w**2 + 297*w + 8707. Determine p(-264).
-5
Let i(n) = 7*n**2 - 668*n - 294. Give i(97).
773
Let k(h) = -15*h**2 - 415*h - 1691. What is k(-15)?
1159
Let w(i) = 6*i**3 - 25*i**2 - 61*i + 2. Determine w(-3).
-202
Let b(u) = -119946*u - 1559297. Determine b(-13).
1
Let j(q) = q**2 - 44145*q + 12. Give j(0).
12
Let h(o) = -190*o - 6539. Determine h(-35).
111
Let a(m) = m**3 + 23*m**2 + 24*m - 27. What is a(0)?
-27
Let s(q) = -342*q + 7628. Calculate s(20).
788
Let d(f) = -1588*f**2 - 486*f + 488. What is d(1)?
-1586
Let x(u) = 229*u + 5118. Calculate x(-25).
-607
Let c(m) = 299*m**2 - 31320*m - 7871. Calculate c(105).
4
Let d(q) = 75*q**3 - 174*q**2 - 91*q + 4. Calculate d(3).
190
Let o(y) = -99*y - 1234. Give o(2).
-1432
Let b(j) = -282*j**2 + 3099*j - 12. What is b(11)?
-45
Let v(g) = -10157*g**2 - 233650*g - 911. What is v(-23)?
-14
Let t(y) = -7225*y - 85614. What is t(-12)?
1086
Let f(v) = -v**3 + 874*v**2 + 74226*v + 28537. Determine f(952).
-23
Let w(x) = -x**3 + 20*x**2 + 140*x + 306. What is w(-5)?
231
Let a(z) = -z**3 - 23*z**2 - 240*z - 115. Give a(-13).
1315
Let a(x) = 201*x + 42364. Determine a(-200).
2164
Let g(b) = -14547*b - 305786. Calculate g(-21).
-299
Let l(r) = -4144*r + 3512. Determine l(1).
-632
Let w(k) = 73*k + 4671. What is w(-45)?
1386
Let o(f) = -4*f**3 + 489*f**2 - 145*f + 2907. Calculate o(122).
101
Let i(k) = -2*k**3 - 15*k**2 + 4696*k + 9442. What is i(-2)?
6
Let c(n) = 10*n**3 + 545*n**2 + 324*n + 2913. What is c(-54)?
-3
Let t(s) = -83*s**3 + 3*s**2 - 196*s + 194. What is t(1)?
-82
Let v(o) = o**3 + 79*o**2 + 837*o + 63. What is v(-13)?
336
Let w(s) = 999106*s**2 - 999104*s - 2. What is w(1)?
0
Let x(o) = -2410*o + 424368. Calculate x(176).
208
Let z(f) = 2*f**3 - 22*f**2 + 104*f - 812. Determine z(10).
28
Let q(i) = 436*i + 1830. Determine q(-7).
-1222
Let f(t) = 22*t**3 - 289*t**2 + 530*t - 240. Give f(1).
23
Let g(z) = z**3 - 333*z**2 - 7409*z - 8862. Give g(354).
-12
Let d(w) = -2150*w**2 - 9*w - 8. What is d(-1)?
-2149
Let q(h) = -275535*h + 18460844. What is q(67)?
-1
Let q(o) = -o**2 - 51*o + 1055. Give q(16).
-17
Let q(l) = -161365*l + 1290904. Give q(8).
-16
Let m(v) = 2*v**3 + 1454*v**2 + 1504*v + 37793. What is m(-726)?
41
Let t(o) = 31477*o + 190099. What is t(-6)?
1237
Let o(w) = -134*w**2 + 280*w - 858. Give o(3).
-1224
Let h(w) = w**3 - 35*w**2 + 25*w - 3242. Determine h(33).
-4595
Let j(r) = r**3 - 14*r**2 + 622*r - 2264. What is j(4)?
64
Let k(x) = -2*x**3 - 81*x**2 + 108*x + 2096. Determine k(-41).
-651
Let p(m) = m**3 - 23*m**2 + 457*m - 10410. Calculate p(21).
-1695
Let a(h) = -h**3 - 250*h**2 + 1029*h + 4362. Give a(-254).
1060
Let q(m) = 110*m**2 - 781*m + 73. Calculate q(7).
-4
Let k(q) = 2*q**3 + 86*q**2 + 925*q + 686. Calculate k(-25).
61
Let a(q) = q**3 - 695*q**2 - 12794*q - 28513. Calculate a(713).
7
Let x(o) = -16*o**2 + 140*o - 289. Determine x(5).
11
Let r(d) = -16*d**2 + 155924*d + 936118. Give r(-6).
-2
Let c(f) = -f**3 - 9*f**2 + 2028*f + 942. Calculate c(41).
40
Let x(m) = 2637*m - 3087918. Calculate x(1171).
9
Let m(b) = b**3 - 40*b**2 + 316*b - 7621. Calculate m(37).
-36
Let i(f) = -8*f**2 + 43*f + 1030. Give i(14).
64
Let b(x) = 2*x**2 + 56*x - 6518. Determine b(45).
52
Let t(j) = -1763*j + 1845855. Determine t(1047).
-6
Let s(d) = -31*d - 416. What is s(-13)?
-13
Let c(k) = 195*k - 8405. Give c(42).
-215
Let c(i) = 38*i - 3309. Calculate c(89).
73
Let s(f) = -12*f**3 + 3304*f**2 - 1097*f + 132. Calculate s(275).
957
Let z(m) = -13673*m + 27345. Calculate z(2).
-1
Let i(z) = z**3 - 219*z**2 + 5676*z - 1116. Calculate i(189).
18
Let p(v) = -7*v**3 - 87*v**2 + 772*v - 1911. Give p(-19).
27
Let k(v) = -33*v**2 + 559*v - 9. What is k(8)?
2351
Let n(j) = j**3 - 65*j**2 - 424*j - 170. Determine n(71).
-28
Let c(m) = -19403*m - 310423. What is c(-16)?
25
Let k(w) = -w**3 + 267*w**2 - 543*w + 1972. Calculate k(265).
-1473
Let g(f) = -21*f**3 - 2792*f**2 + 151*f + 2392. Give g(-133).
-2
Let o(s) = -2*s**2 - 152*s + 1429. Determine o(-85).
-101
Let r(n) = -1045*n + 106561. Give r(102).
-29
Let s(q) = 7*q**3 - 4*q**2 - 49*q - 161. Calculate s(-4).
-477
Let q(o) = -15*o**2 + 331*o + 68. What is q(23)?
-254
Let q(w) = -113834*w - 7057727. What is q(-62)?
-19
Let y(p) = -290721*p + 1162900. Determine y(4).
16
Let a(f) = 6788*f - 244154. Determine a(36).
214
Let k(t) = -1229*t - 743546. Give k(-605).
-1
Let n(j) = 69*j**3 - 6*j**2 + 826*j + 3330. Give n(-4).
-4486
Let o(p) = 2*p**2 + 322*p + 7524. Determine o(-25).
724
Let t(g) = -11*g**2 - 275*g - 1319. What is t(-17)?
177
Let y(p) = 60*p**2 - 789*p + 113. Calculate y(13).
-4
Let w(y) = -y**2 - 3385*y - 382282. Calculate w(-117).
74
Let r(z) = -5*z**3 - 721*z**2 + 518*z - 9000. Give r(-145).
-10
Let o(k) = -131*k - 3795. Calculate o(-8).
-2747
Let z(a) = -8855*a + 354190. Give z(40).
-10
Let p(i) = -166*i - 3560. What is p(-21)?
-74
Let b(h) = -h**3 + 28*h**2 - 58*h + 91. Calculate b(11).
1510
Let u(q) = -9*q**2 + 1470*q + 11807. Determine u(171).
8
Let q(k) = -633*k - 84157. Determine q(-133).
32
Let m(k) = 25*k**2 + 506*k - 544. Calculate m(-19).
-1133
Let h(c) = c**3 - 22*c**2 - 595*c + 170. What is h(38)?
664
Let p(s) = -s**3 - 125*s**2 + 815*s - 102. Calculate p(6).
72
Let d(n) = 1864*n - 169607. Calculate d(91).
17
Let o(p) = 2*p**3 - 141*p**2 + 140*p + 1990. Determine o(69).
-2633
Let g(d) = 55*d - 2680. Calculate g(66).
950
Let p(n) = -2*n**3 - 92*n**2 - 37*n - 1976. Determine p(-46).
-274
Let m(x) = x**3 - 109*x**2 + 468*x - 63571. Give m(110).
9
Let c(b) = -616*b - 897. Determine c(-3).
951
Let i(r) = -2*r**2 + 780*r + 3980. Calculate i(395).
30
Let l(c) = -2*c**3 - 52*c**2 + 41712*c - 5. What is l(-158)?
-5
Let n(a) = a**3 + 7*a**2 - 1675*a - 1331. Calculate n(38).
-1
Let k(u) = u**3 + 41*u**2 - 460*u - 451. Determine k(10).
49
Let g(a) = -31513*a + 252128. Give g(8).
24
Let w(i) = 17898*i + 1789801. What is w(-100)?
1
Let p(r) = 3219*r + 566872. Give p(-176).
328
Let s(c) = 2*c**2 + 25*c - 3853. Give s(-50).
-103
Let p(g) = 71*g - 7549. What is p(106)?
-23
Let n(z) = z**2 - 9*z - 10422. What is n(-102)?
900
Let h(x) = 3*x**3 - 42*x**2 - 440*x + 1628. Determine h(3).
11
Let x(s) = s**3 + 4*s**2 + 227944*s + 683820. What is x(-3)?
-3
Let n(f) = f**3 + 86*f**2 - 194*f - 96. What is n(-88)?
1488
Let d(g) = 749*g**3 - 17973*g**2 - 96*g - 38. Determine d(24).
-614
Let r(k) = 39897*k + 159596. What is r(-4)?
8
Let v(r) = 43*r**3 - 379*r**2 - 463*r - 83. Calculate v(-1).
-42
Let p(l) = -2*l**3 + 36*l**2 + 154*l - 9. Determine p(-4).
79
Let c(u) = 48*u**3 + 68*u**2 - 96*u + 22. What is c(1)?
42
Let f(r) = 3*r**2 - 2655*r - 5313. Give f(-2).
9
Let l(d) = -d**3 + 14*d**2 - 159*d + 4125. Give l(18).
-33
Let s(v) = 2*v**2 + 171*v + 5028. Give s(-24).
2076
Let l(t) = -3007*t + 78200. What